{"id":546,"date":"2020-12-31T17:25:21","date_gmt":"2020-12-31T17:25:21","guid":{"rendered":"http:\/\/www.demmelhuber.info\/press\/?page_id=546"},"modified":"2020-12-31T17:32:20","modified_gmt":"2020-12-31T17:32:20","slug":"gstanzl","status":"publish","type":"page","link":"https:\/\/www.demmelhuber.info\/press\/gstanzl\/","title":{"rendered":"Gstanzl"},"content":{"rendered":"\n<p>Das Gstanzl ist eine bayerisch-\u00f6sterreichische Liedform, meist als epigrammartiger Spottgesang.<\/p>\n\n\n\n<p>Red Bull veranstaltet regionale Gstanzl Battle (auf <a rel=\"noreferrer noopener\" href=\"https:\/\/www.google.de\/search?q=gstanzl+red+bull&amp;source=lnms&amp;tbm=vid&amp;sa=X&amp;ved=2ahUKEwjXsr-R3_jtAhWC5-AKHWkcDQoQ_AUoA3oECAYQBQ&amp;biw=1440&amp;bih=827&amp;dpr=2\" data-type=\"URL\" data-id=\"https:\/\/www.google.de\/search?q=gstanzl+red+bull&amp;source=lnms&amp;tbm=vid&amp;sa=X&amp;ved=2ahUKEwjXsr-R3_jtAhWC5-AKHWkcDQoQ_AUoA3oECAYQBQ&amp;biw=1440&amp;bih=827&amp;dpr=2\" target=\"_blank\">YouTube <\/a>einzusehen), welche die Qualit\u00e4ten eines Battle Rap annehmen. <\/p>\n\n\n\n<p>W\u00e4hrend diese achtzeilig ist, ist das typische Gstanzl ein einziger Vierzeiler, wobei sich die erste auf die zweite (Paarreim) oder auf die dritte Zeile (Kreuzreim) reimen kann.<\/p>\n\n\n\n<p>Das Gstanzl steht vorwiegend im Drei-Viertel-Takt. Die Spottlieder bestehen aus Strophen von zweigliedrigen, zumeist acht elfsilbigen jambischen Versen. Aber auch der Anap\u00e4st findet seinen Ausdruck, durch die Silbenabfolge (kurz \u2013 kurz \u2013 lang) entsteht ein vorw\u00e4rts dr\u00e4ngender Charakter.<\/p>\n\n\n\n<p>Viele alpenl\u00e4ndische Lieder (Gstanzllieder) sind eigentlich aus Gstanzln zusammengestellt, die in einer festen Folge zusammengeh\u00f6ren, oft wird jede Strophe statt mit dem Refrain mit einem Jodler abgeschlossen. Das ist eine der klassischen einfachen Liedformen.<\/p>\n\n\n\n<p>Das Gstanzl ist im alpenl\u00e4ndischen Musikraum sehr verbreitet und beliebt. Gstanzln werden vielfach in der jeweiligen Mundart gedichtet und vorgetragen. Gstanzln mit ihren unz\u00e4hligen Melodien leben vor allem vom Vortrag in der entsprechenden Situation. Dabei ist das Gstanzlsingen eine typische Form gesellschaftlichen Beisammenseins und reicht vom privaten oder Wirtshaussingen bis hin zu Feiern und Publikumsveranstaltungen. Gstanzln werden sowohl im Freundeskreis oder bei S\u00e4ngertreffen als auch beim Tanz gesungen.<\/p>\n\n\n\n<p>Die Gstanzln handeln von heiteren und ernsten Vorg\u00e4ngen und Ereignissen, Gem\u00fctsstimmungen, Lebensanschauungen und Schw\u00e4chen des Menschen. Das Gstanzl ist durchwegs humoristisch, oft neckend, ironisch bis sarkastisch, es kann derb und hart, oder gar tief b\u00f6sartig, aber auch zart und innig sein.<\/p>\n\n\n\n<p>Meist handelt es sich um gereimte und gesungene Improvisationen. Gute Gstanzls\u00e4nger k\u00f6nnen aus dem Stegreif stundenlang Gstanzln vortragen, ohne sich zu wiederholen. Insofern gleicht das Gstanzlsingen zahlreichen Regional- und Epochenformen des Stegreifreimens, wie sich das von der altnordischen Skaldendichtung bis zum modernen Hiphop reicht.<\/p>\n\n\n\n<p>Besonders gelungene Improvisationen bilden dann, wie immer bei gelungenem Stegreifwitz, ein sich zunehmend verfestigendes Repertoire. Solche Gstanzln werden oft von Generation zu Generation respektive durch Zuh\u00f6ren bei guten S\u00e4ngern m\u00fcndlich weitergegeben und erleben je nach Region und Zeitraum verschiedenste Varianten: Sie bilden einen Basisschatz, der an die jeweilige Situation angepasst oder zu einem neuen Gstanzl umgearbeitet werden kann. Es werden aber auch immer wieder neue Gstanzeln erfunden, auch um aktuelle und auch politische Begebenheiten scherzhaft zu beschreiben.<\/p>\n\n\n\n<p>Es gibt viele Gelegenheiten, bei denen Gstanzln entstehen. Sehr beliebt ist das Gstanzlsingen auf Bauernhochzeiten in Ober- und Niederbayern, wobei sich der Hochzeitslader \u00fcber die Brautleute und die geladene Gesellschaft lustig macht.<\/p>\n","protected":false},"excerpt":{"rendered":"<p>Das Gstanzl ist eine bayerisch-\u00f6sterreichische Liedform, meist als epigrammartiger Spottgesang. Red Bull veranstaltet regionale Gstanzl Battle (auf YouTube einzusehen), welche die Qualit\u00e4ten eines Battle Rap annehmen. W\u00e4hrend diese achtzeilig ist, ist das typische Gstanzl ein einziger Vierzeiler, wobei sich die<\/p>\n","protected":false},"author":1,"featured_media":0,"parent":0,"menu_order":0,"comment_status":"closed","ping_status":"closed","template":"","meta":{"footnotes":""},"class_list":["post-546","page","type-page","status-publish","hentry"],"_links":{"self":[{"href":"https:\/\/www.demmelhuber.info\/press\/wp-json\/wp\/v2\/pages\/546","targetHints":{"allow":["GET"]}}],"collection":[{"href":"https:\/\/www.demmelhuber.info\/press\/wp-json\/wp\/v2\/pages"}],"about":[{"href":"https:\/\/www.demmelhuber.info\/press\/wp-json\/wp\/v2\/types\/page"}],"author":[{"embeddable":true,"href":"https:\/\/www.demmelhuber.info\/press\/wp-json\/wp\/v2\/users\/1"}],"replies":[{"embeddable":true,"href":"https:\/\/www.demmelhuber.info\/press\/wp-json\/wp\/v2\/comments?post=546"}],"version-history":[{"count":3,"href":"https:\/\/www.demmelhuber.info\/press\/wp-json\/wp\/v2\/pages\/546\/revisions"}],"predecessor-version":[{"id":550,"href":"https:\/\/www.demmelhuber.info\/press\/wp-json\/wp\/v2\/pages\/546\/revisions\/550"}],"wp:attachment":[{"href":"https:\/\/www.demmelhuber.info\/press\/wp-json\/wp\/v2\/media?parent=546"}],"curies":[{"name":"wp","href":"https:\/\/api.w.org\/{rel}","templated":true}]}}