{"id":395,"date":"2020-01-02T10:49:25","date_gmt":"2020-01-02T10:49:25","guid":{"rendered":"http:\/\/www.demmelhuber.info\/press\/?page_id=395"},"modified":"2023-12-13T10:49:25","modified_gmt":"2023-12-13T10:49:25","slug":"mandatsuebernahme","status":"publish","type":"page","link":"https:\/\/www.demmelhuber.info\/press\/mandatsuebernahme\/","title":{"rendered":"Mandats\u00fcbernahme"},"content":{"rendered":"<div class=\"wp-block-image\">\n<figure class=\"alignleft size-large is-resized\"><img loading=\"lazy\" decoding=\"async\" src=\"https:\/\/www.demmelhuber.info\/press\/wp-content\/uploads\/2020\/01\/wdw.jpg\" alt=\"\" class=\"wp-image-427\" width=\"168\" height=\"243\"\/><figcaption class=\"wp-element-caption\"><strong><a href=\"https:\/\/www.demmelhuber.info\/press\/wp-content\/uploads\/2022\/06\/One-Pager_Demmelhuber-Dr-Walter-final.pdf\" data-type=\"URL\" data-id=\"https:\/\/www.demmelhuber.info\/press\/wp-content\/uploads\/2022\/06\/One-Pager_Demmelhuber-Dr-Walter-final.pdf\">Dr. Walter Demmelhuber<\/a><\/strong><\/figcaption><\/figure><\/div>\n\n\n<p><strong>Mandats\u00fcbernahme im Bereich Aufsichtsrat, Vorstand und Gesch\u00e4ftsf\u00fchrung<\/strong><\/p>\n\n\n\n<p>Industriemechaniker, 54 Jahre, deutsch, verheiratet, 1 Tochter<\/p>\n\n\n\n<p>Aufsichtsratsvorsitzender, Aufsichtsrat (zertifiziert), Vorstandsvorsitz bzw. Gech\u00e4ftsf\u00fchrer der Schwerpunkte Strategie, Vertrieb, CTO, Supply Chain, Produktion.<\/p>\n\n\n\n<p>Aufsichtsrat und Vorsitz von internationalen Unternehmen.<\/p>\n\n\n\n<p>Unternehmerische Gesch\u00e4ftsf\u00fchrerpers\u00f6nlichkeit mit breitgef\u00e4cherter Erfahrung in internationalen Industrieunternehmen &#8211; i.d.R. in Familienhand.<\/p>\n\n\n\n<p>Nachhaltige Erfolge durch langfristig angesetzte Gesch\u00e4ftsstrategie, kontinuierlichen, expansiven Ausbau der vertrieblichen Aktivit\u00e4ten und  Realisierung  von  Wachstums- und  Portfoliopotentialen in  der  Produktion, umfassende  Kostenreduzierungs- und  Turn-Around-Programme,  Zentralisierung  von  Fertigung  und  Supply Chain sowie Neuausrichtungen von Gesch\u00e4fts-und Unternehmensbereichen. <\/p>\n\n\n\n<p>Erfahren in Auf- und Ausbau, internationale Expansion, Realignment, Restrukturierung, Generationen\u00fcbergang, MBO. <\/p>\n\n\n\n<p>Anerkennung  und Akzeptanz von Gesellschafter- bis Mitarbeiterebene   durch loyale und intensive unternehmerische Zusammenarbeit und F\u00fchrung mit ruhiger Hand; belegt mittels erstklassigen Referenzen der jeweiligen Gesellschafter und Aufsichtsr\u00e4te.<\/p>\n\n\n\n<p>Mitglied von Mensa unter der Mitgliedsnummer 9899<\/p>\n\n\n\n<hr class=\"wp-block-separator has-alpha-channel-opacity\"\/>\n\n\n\n<p>Dr. Walter Demmelhuber ist als Vorstand und zertifizierter Aufsichtsrat auf mittelfristige Mandate spezialisiert, in denen der Fokus auf internationaler Expansion, Optimierung der internen Abl\u00e4ufe und die Ausrichtung der Zukunftsf\u00e4higkeit liegt.<\/p>\n\n\n\n<p>Er hat im Laufe der Jahre internationale Erfahrung in Europa, Asien und Nord- und S\u00fcdamerika gesammelt &#8211; unter anderem als Aufsichtsrat, Gesch\u00e4ftsf\u00fchrer und Vorstand mehrerer internationaler Unternehmen. Seine Kernkompetenzen liegen insbesondere in den Bereichen Strategie, Vertrieb, Supply Chain, R&amp;D und der Produktion.<\/p>\n\n\n\n<p>Seit Ende 2023 ist er Vorstand der Friwo AG, einer traditionsreichen b\u00f6rsennotierten Unternehmensgruppe der Ladetechnik und eMobility-Antriebsl\u00f6sungen.<\/p>\n\n\n\n<p>Seit Ende 2021 ist er Aufsichtsratsvorsitzender der Hosokawa Alpine AG\/Augsburg, einer gro\u00dfen internationalen Unternehmensgruppe f\u00fcr den chemischen Anlagenbau.<\/p>\n\n\n\n<p>Von 2019-2023 war er Vorstandsvorsitzender der J\u00e4ger Gruppe\/Karlsruhe, eine gro\u00dfe internationale Gro\u00dfhandelsunternehmensgruppe f\u00fcr Verbindungs- und Werkzeugtechnik.<\/p>\n\n\n\n<p>Von 2017-2019 war er als Vorstand in der erfolgreichen Restrukturierung der Pfisterer Holding AG t\u00e4tig. In seiner Vorstandsrolle war er f\u00fcr die Themen R&amp;D, Fertigung, Operations und Vertrieb zust\u00e4ndig und zugleich Aufsichtsrat(-svorsitzender) der internationalen L\u00e4ndergesellschaften in Argentinien, China, USA, Spanien und Frankreich. <em><\/em><\/p>\n\n\n\n<p>Bei der Semikron International GmbH\/N\u00fcrnberg war Dr. Walter Demmelhuber von 2009-2016 Gesch\u00e4ftsf\u00fchrer und zugleich Aufsichtsrat(-svorsitzender) internationaler L\u00e4ndergesellschaften und u.a. f\u00fcr Deutschland, China und Lateinamerika verantwortlich.<\/p>\n\n\n\n<p>Davor war er von 2006 bis 2008 als VP Corporate Business Development &amp; Strategy im CTO Office bei EADS Airbus in Paris.<\/p>\n\n\n\n<p>2000-2006 \u00fcbte er bei Siemens Mobile Communications (ICM)\/M\u00fcnchen unterschiedliche Positionen aus und war zuletzt VP Alliance &amp; Partner Management f\u00fcr Japan.<\/p>\n\n\n\n<p>1996 bis 2000 war Dr. Walter Demmelhuber als Foreign Markets Manager bei der Firma Leonard Brooks Ltd. in London, einem internationalen Hersteller von Automotive-Chemie besch\u00e4ftigt.<\/p>\n\n\n\n<p>Nach seiner Ausbildung zum Industriemechaniker machte er zun\u00e4chst an der University of Essex in UK seinen BA Abschluss in Europ\u00e4ischer Wirtschaft und Recht. Anschlie\u00dfend absolvierte er seinen Master in Internationalem Vertrieb und Operations an der Universidad de Alicante in Spanien. Im Anschluss daran promovierte Dr. Walter Demmelhuber an der Universit\u00e4t Osnabr\u00fcck im Bereich Wirtschafts- und Arbeitsrecht.<\/p>\n\n\n\n<p>Er spricht neben Deutsch auch Englisch, Franz\u00f6sisch und Spanisch. Er unterrichtet seit 2012 Wirtschaftsinformatik an der Universit\u00e4t Erlangen-N\u00fcrnberg und ist dort Beirat der wirtschaftswissenschaftlichen Fakult\u00e4t seit 2016. Er ist Mitglied der Mensa in Deutschland e.V.<\/p>\n\n\n\n<p>2022 graduierte er als zertifizierter Aufsichtsrat an der Board Academy f\u00fcr b\u00f6rsennotierte Kapitalunternehmen und an der Directors Academy f\u00fcr Kapitalunternehmen in Familienhand.<\/p>\n\n\n\n<p><br><br><a href=\"https:\/\/www.linkedin.com\/in\/dr-walter-demmelhuber-b4500125\/\"><img loading=\"lazy\" decoding=\"async\" width=\"150\" height=\"41\" class=\"wp-image-405\" style=\"width: 150px;\" src=\"https:\/\/www.demmelhuber.info\/press\/wp-content\/uploads\/2020\/01\/linkedin.jpg\" alt=\"\" srcset=\"https:\/\/www.demmelhuber.info\/press\/wp-content\/uploads\/2020\/01\/linkedin.jpg 629w, https:\/\/www.demmelhuber.info\/press\/wp-content\/uploads\/2020\/01\/linkedin-300x83.jpg 300w\" sizes=\"auto, (max-width: 150px) 100vw, 150px\" \/><\/a><a href=\"https:\/\/www.xing.com\/profile\/Walter_Demmelhuber\"><img loading=\"lazy\" decoding=\"async\" width=\"150\" height=\"41\" class=\"wp-image-404\" style=\"width: 150px;\" src=\"https:\/\/www.demmelhuber.info\/press\/wp-content\/uploads\/2020\/01\/xing.jpg\" alt=\"\" srcset=\"https:\/\/www.demmelhuber.info\/press\/wp-content\/uploads\/2020\/01\/xing.jpg 629w, https:\/\/www.demmelhuber.info\/press\/wp-content\/uploads\/2020\/01\/xing-300x83.jpg 300w\" sizes=\"auto, (max-width: 150px) 100vw, 150px\" \/><\/a><\/p>\n\n\n\n<p>&#8212;&#8212;&#8212;&#8212;&#8212;&#8212;&#8212;&#8212;&#8212;&#8212;&#8212;&#8212;&#8212;&#8212;&#8212;&#8212;&#8212;&#8212;&#8212;&#8212;&#8212;&#8212;&#8211;<\/p>\n\n\n\n<p><strong>Interest in mandates in the area of \u200b\u200bthe supervisory board, board of directors and general management<\/strong>.<\/p>\n\n\n\n<p>Industrial mechanic, 52 years old, German, married, 1 daughter<\/p>\n\n\n\n<p>Chairman of the supervisory board, supervisory board (certified), chairman of the board of directors or managing director in the areas of strategy, sales, CTO, supply chain, production.<\/p>\n\n\n\n<p>Supervisory board and chair of international companies.<\/p>\n\n\n\n<p>Entrepreneurial managing director personality with wide-ranging experience in international industrial companies &#8211; usually family or bank owned.<\/p>\n\n\n\n<p>Sustainable success through a long-term business strategy, continuous, expansive expansion of sales activities and realization of growth and portfolio potential in production, comprehensive cost reduction and turn-around programs, centralization of production and supply chain as well as realignment of business and corporate areas.<\/p>\n\n\n\n<p>Experienced in development and expansion, international expansion, realignment, restructuring, generational transition, MBO.<\/p>\n\n\n\n<p>Recognition and acceptance from shareholder to employee level through loyal and intensive entrepreneurial cooperation and leadership with a steady hand; documented by first-class references from the respective shareholders and supervisory board members.<\/p>\n","protected":false},"excerpt":{"rendered":"<p>Mandats\u00fcbernahme im Bereich Aufsichtsrat, Vorstand und Gesch\u00e4ftsf\u00fchrung Industriemechaniker, 54 Jahre, deutsch, verheiratet, 1 Tochter Aufsichtsratsvorsitzender, Aufsichtsrat (zertifiziert), Vorstandsvorsitz bzw. Gech\u00e4ftsf\u00fchrer der Schwerpunkte Strategie, Vertrieb, CTO, Supply Chain, Produktion. Aufsichtsrat und Vorsitz von internationalen Unternehmen. Unternehmerische Gesch\u00e4ftsf\u00fchrerpers\u00f6nlichkeit mit breitgef\u00e4cherter Erfahrung in<\/p>\n","protected":false},"author":1,"featured_media":0,"parent":0,"menu_order":0,"comment_status":"closed","ping_status":"closed","template":"","meta":{"footnotes":""},"class_list":["post-395","page","type-page","status-publish","hentry"],"_links":{"self":[{"href":"https:\/\/www.demmelhuber.info\/press\/wp-json\/wp\/v2\/pages\/395","targetHints":{"allow":["GET"]}}],"collection":[{"href":"https:\/\/www.demmelhuber.info\/press\/wp-json\/wp\/v2\/pages"}],"about":[{"href":"https:\/\/www.demmelhuber.info\/press\/wp-json\/wp\/v2\/types\/page"}],"author":[{"embeddable":true,"href":"https:\/\/www.demmelhuber.info\/press\/wp-json\/wp\/v2\/users\/1"}],"replies":[{"embeddable":true,"href":"https:\/\/www.demmelhuber.info\/press\/wp-json\/wp\/v2\/comments?post=395"}],"version-history":[{"count":18,"href":"https:\/\/www.demmelhuber.info\/press\/wp-json\/wp\/v2\/pages\/395\/revisions"}],"predecessor-version":[{"id":687,"href":"https:\/\/www.demmelhuber.info\/press\/wp-json\/wp\/v2\/pages\/395\/revisions\/687"}],"wp:attachment":[{"href":"https:\/\/www.demmelhuber.info\/press\/wp-json\/wp\/v2\/media?parent=395"}],"curies":[{"name":"wp","href":"https:\/\/api.w.org\/{rel}","templated":true}]}}

Mandatsübernahme

<div class="wp-block-image">
<figure class="alignleft size-large is-resized"><img loading="lazy" decoding="async" src="https://www.demmelhuber.info/press/wp-content/uploads/2020/01/wdw.jpg" alt="" class="wp-image-427" width="168" height="243"/><figcaption class="wp-element-caption"><strong><a href="https://www.demmelhuber.info/press/wp-content/uploads/2022/06/One-Pager_Demmelhuber-Dr-Walter-final.pdf" data-type="URL" data-id="https://www.demmelhuber.info/press/wp-content/uploads/2022/06/One-Pager_Demmelhuber-Dr-Walter-final.pdf">Dr. Walter Demmelhuber</a></strong></figcaption></figure></div>


<p><strong>Mandatsübernahme im Bereich Aufsichtsrat, Vorstand und Geschäftsführung</strong></p>



<p>Industriemechaniker, 54 Jahre, deutsch, verheiratet, 1 Tochter</p>



<p>Aufsichtsratsvorsitzender, Aufsichtsrat (zertifiziert), Vorstandsvorsitz bzw. Gechäftsführer der Schwerpunkte Strategie, Vertrieb, CTO, Supply Chain, Produktion.</p>



<p>Aufsichtsrat und Vorsitz von internationalen Unternehmen.</p>



<p>Unternehmerische Geschäftsführerpersönlichkeit mit breitgefächerter Erfahrung in internationalen Industrieunternehmen &#8211; i.d.R. in Familienhand.</p>



<p>Nachhaltige Erfolge durch langfristig angesetzte Geschäftsstrategie, kontinuierlichen, expansiven Ausbau der vertrieblichen Aktivitäten und  Realisierung  von  Wachstums- und  Portfoliopotentialen in  der  Produktion, umfassende  Kostenreduzierungs- und  Turn-Around-Programme,  Zentralisierung  von  Fertigung  und  Supply Chain sowie Neuausrichtungen von Geschäfts-und Unternehmensbereichen. </p>



<p>Erfahren in Auf- und Ausbau, internationale Expansion, Realignment, Restrukturierung, Generationenübergang, MBO. </p>



<p>Anerkennung  und Akzeptanz von Gesellschafter- bis Mitarbeiterebene   durch loyale und intensive unternehmerische Zusammenarbeit und Führung mit ruhiger Hand; belegt mittels erstklassigen Referenzen der jeweiligen Gesellschafter und Aufsichtsräte.</p>



<p>Mitglied von Mensa unter der Mitgliedsnummer 9899</p>



<hr class="wp-block-separator has-alpha-channel-opacity"/>



<p>Dr. Walter Demmelhuber ist als Vorstand und zertifizierter Aufsichtsrat auf mittelfristige Mandate spezialisiert, in denen der Fokus auf internationaler Expansion, Optimierung der internen Abläufe und die Ausrichtung der Zukunftsfähigkeit liegt.</p>



<p>Er hat im Laufe der Jahre internationale Erfahrung in Europa, Asien und Nord- und Südamerika gesammelt &#8211; unter anderem als Aufsichtsrat, Geschäftsführer und Vorstand mehrerer internationaler Unternehmen. Seine Kernkompetenzen liegen insbesondere in den Bereichen Strategie, Vertrieb, Supply Chain, R&amp;D und der Produktion.</p>



<p>Seit Ende 2023 ist er Vorstand der Friwo AG, einer traditionsreichen börsennotierten Unternehmensgruppe der Ladetechnik und eMobility-Antriebslösungen.</p>



<p>Seit Ende 2021 ist er Aufsichtsratsvorsitzender der Hosokawa Alpine AG/Augsburg, einer großen internationalen Unternehmensgruppe für den chemischen Anlagenbau.</p>



<p>Von 2019-2023 war er Vorstandsvorsitzender der Jäger Gruppe/Karlsruhe, eine große internationale Großhandelsunternehmensgruppe für Verbindungs- und Werkzeugtechnik.</p>



<p>Von 2017-2019 war er als Vorstand in der erfolgreichen Restrukturierung der Pfisterer Holding AG tätig. In seiner Vorstandsrolle war er für die Themen R&amp;D, Fertigung, Operations und Vertrieb zuständig und zugleich Aufsichtsrat(-svorsitzender) der internationalen Ländergesellschaften in Argentinien, China, USA, Spanien und Frankreich. <em></em></p>



<p>Bei der Semikron International GmbH/Nürnberg war Dr. Walter Demmelhuber von 2009-2016 Geschäftsführer und zugleich Aufsichtsrat(-svorsitzender) internationaler Ländergesellschaften und u.a. für Deutschland, China und Lateinamerika verantwortlich.</p>



<p>Davor war er von 2006 bis 2008 als VP Corporate Business Development &amp; Strategy im CTO Office bei EADS Airbus in Paris.</p>



<p>2000-2006 übte er bei Siemens Mobile Communications (ICM)/München unterschiedliche Positionen aus und war zuletzt VP Alliance &amp; Partner Management für Japan.</p>



<p>1996 bis 2000 war Dr. Walter Demmelhuber als Foreign Markets Manager bei der Firma Leonard Brooks Ltd. in London, einem internationalen Hersteller von Automotive-Chemie beschäftigt.</p>



<p>Nach seiner Ausbildung zum Industriemechaniker machte er zunächst an der University of Essex in UK seinen BA Abschluss in Europäischer Wirtschaft und Recht. Anschließend absolvierte er seinen Master in Internationalem Vertrieb und Operations an der Universidad de Alicante in Spanien. Im Anschluss daran promovierte Dr. Walter Demmelhuber an der Universität Osnabrück im Bereich Wirtschafts- und Arbeitsrecht.</p>



<p>Er spricht neben Deutsch auch Englisch, Französisch und Spanisch. Er unterrichtet seit 2012 Wirtschaftsinformatik an der Universität Erlangen-Nürnberg und ist dort Beirat der wirtschaftswissenschaftlichen Fakultät seit 2016. Er ist Mitglied der Mensa in Deutschland e.V.</p>



<p>2022 graduierte er als zertifizierter Aufsichtsrat an der Board Academy für börsennotierte Kapitalunternehmen und an der Directors Academy für Kapitalunternehmen in Familienhand.</p>



<p><br><br><a href="https://www.linkedin.com/in/dr-walter-demmelhuber-b4500125/"><img loading="lazy" decoding="async" width="150" height="41" class="wp-image-405" style="width: 150px;" src="https://www.demmelhuber.info/press/wp-content/uploads/2020/01/linkedin.jpg" alt="" srcset="https://www.demmelhuber.info/press/wp-content/uploads/2020/01/linkedin.jpg 629w, https://www.demmelhuber.info/press/wp-content/uploads/2020/01/linkedin-300x83.jpg 300w" sizes="auto, (max-width: 150px) 100vw, 150px" /></a><a href="https://www.xing.com/profile/Walter_Demmelhuber"><img loading="lazy" decoding="async" width="150" height="41" class="wp-image-404" style="width: 150px;" src="https://www.demmelhuber.info/press/wp-content/uploads/2020/01/xing.jpg" alt="" srcset="https://www.demmelhuber.info/press/wp-content/uploads/2020/01/xing.jpg 629w, https://www.demmelhuber.info/press/wp-content/uploads/2020/01/xing-300x83.jpg 300w" sizes="auto, (max-width: 150px) 100vw, 150px" /></a></p>



<p>&#8212;&#8212;&#8212;&#8212;&#8212;&#8212;&#8212;&#8212;&#8212;&#8212;&#8212;&#8212;&#8212;&#8212;&#8212;&#8212;&#8212;&#8212;&#8212;&#8212;&#8212;&#8212;&#8211;</p>



<p><strong>Interest in mandates in the area of ​​the supervisory board, board of directors and general management</strong>.</p>



<p>Industrial mechanic, 52 years old, German, married, 1 daughter</p>



<p>Chairman of the supervisory board, supervisory board (certified), chairman of the board of directors or managing director in the areas of strategy, sales, CTO, supply chain, production.</p>



<p>Supervisory board and chair of international companies.</p>



<p>Entrepreneurial managing director personality with wide-ranging experience in international industrial companies &#8211; usually family or bank owned.</p>



<p>Sustainable success through a long-term business strategy, continuous, expansive expansion of sales activities and realization of growth and portfolio potential in production, comprehensive cost reduction and turn-around programs, centralization of production and supply chain as well as realignment of business and corporate areas.</p>



<p>Experienced in development and expansion, international expansion, realignment, restructuring, generational transition, MBO.</p>



<p>Recognition and acceptance from shareholder to employee level through loyal and intensive entrepreneurial cooperation and leadership with a steady hand; documented by first-class references from the respective shareholders and supervisory board members.</p>

<p>Mandatsübernahme im Bereich Aufsichtsrat, Vorstand und Geschäftsführung Industriemechaniker, 54 Jahre, deutsch, verheiratet, 1 Tochter Aufsichtsratsvorsitzender, Aufsichtsrat (zertifiziert), Vorstandsvorsitz bzw. Gechäftsführer der Schwerpunkte Strategie, Vertrieb, CTO, Supply Chain, Produktion. Aufsichtsrat und Vorsitz von internationalen Unternehmen. Unternehmerische Geschäftsführerpersönlichkeit mit breitgefächerter Erfahrung in</p>
